{"id":304,"date":"2020-02-23T18:26:21","date_gmt":"2020-02-23T18:26:21","guid":{"rendered":"https:\/\/video-hoerl.com\/?page_id=304"},"modified":"2021-02-03T18:34:57","modified_gmt":"2021-02-03T18:34:57","slug":"lfl-lebensraeume-fuer-die-artenvielfalt","status":"publish","type":"page","link":"https:\/\/video-hoerl.com\/?page_id=304","title":{"rendered":"LfL &#8211; Lebensr\u00e4ume f\u00fcr die Artenvielfalt"},"content":{"rendered":"\t\t<div data-elementor-type=\"wp-page\" data-elementor-id=\"304\" class=\"elementor elementor-304\">\n\t\t\t\t\t\t<section class=\"elementor-section elementor-top-section elementor-element elementor-element-7c5b984 elementor-section-boxed elementor-section-height-default elementor-section-height-default\" data-id=\"7c5b984\" data-element_type=\"section\" data-e-type=\"section\">\n\t\t\t\t\t\t<div class=\"elementor-container elementor-column-gap-default\">\n\t\t\t\t\t<div class=\"elementor-column elementor-col-100 elementor-top-column elementor-element elementor-element-3bea327\" data-id=\"3bea327\" data-element_type=\"column\" data-e-type=\"column\">\n\t\t\t<div class=\"elementor-widget-wrap elementor-element-populated\">\n\t\t\t\t\t\t<div class=\"elementor-element elementor-element-a0dc4d7 elementor-widget elementor-widget-spacer\" data-id=\"a0dc4d7\" data-element_type=\"widget\" data-e-type=\"widget\" data-widget_type=\"spacer.default\">\n\t\t\t\t<div class=\"elementor-widget-container\">\n\t\t\t\t\t\t\t<div class=\"elementor-spacer\">\n\t\t\t<div class=\"elementor-spacer-inner\"><\/div>\n\t\t<\/div>\n\t\t\t\t\t\t<\/div>\n\t\t\t\t<\/div>\n\t\t\t\t\t<\/div>\n\t\t<\/div>\n\t\t\t\t\t<\/div>\n\t\t<\/section>\n\t\t\t\t<section class=\"elementor-section elementor-top-section elementor-element elementor-element-6ecbad4 elementor-section-boxed elementor-section-height-default elementor-section-height-default\" data-id=\"6ecbad4\" data-element_type=\"section\" data-e-type=\"section\">\n\t\t\t\t\t\t<div class=\"elementor-container elementor-column-gap-default\">\n\t\t\t\t\t<div class=\"elementor-column elementor-col-100 elementor-top-column elementor-element elementor-element-3774c8f\" data-id=\"3774c8f\" data-element_type=\"column\" data-e-type=\"column\">\n\t\t\t<div class=\"elementor-widget-wrap elementor-element-populated\">\n\t\t\t\t\t\t<div class=\"elementor-element elementor-element-25e13a6 elementor-widget elementor-widget-text-editor\" data-id=\"25e13a6\" data-element_type=\"widget\" data-e-type=\"widget\" data-widget_type=\"text-editor.default\">\n\t\t\t\t<div class=\"elementor-widget-container\">\n\t\t\t\t\t\t\t\t\t<p style=\"font-size: 24px; color: #ca9b52;\">LfL &#8211; Lebensr\u00e4ume f\u00fcr die Artenvielfalt<\/p>\t\t\t\t\t\t\t\t<\/div>\n\t\t\t\t<\/div>\n\t\t\t\t\t<\/div>\n\t\t<\/div>\n\t\t\t\t\t<\/div>\n\t\t<\/section>\n\t\t\t\t<section class=\"elementor-section elementor-top-section elementor-element elementor-element-c07968f elementor-section-boxed elementor-section-height-default elementor-section-height-default\" data-id=\"c07968f\" data-element_type=\"section\" data-e-type=\"section\">\n\t\t\t\t\t\t<div class=\"elementor-container elementor-column-gap-default\">\n\t\t\t\t\t<div class=\"elementor-column elementor-col-100 elementor-top-column elementor-element elementor-element-81c3f05\" data-id=\"81c3f05\" data-element_type=\"column\" data-e-type=\"column\">\n\t\t\t<div class=\"elementor-widget-wrap elementor-element-populated\">\n\t\t\t\t\t\t<div class=\"elementor-element elementor-element-6f3be25 elementor-widget elementor-widget-html\" data-id=\"6f3be25\" data-element_type=\"widget\" data-e-type=\"widget\" data-widget_type=\"html.default\">\n\t\t\t\t<div class=\"elementor-widget-container\">\n\t\t\t\t\t<iframe width=\"560\" height=\"315\" src=\"https:\/\/www.youtube.com\/embed\/pW_0jQgf1Rw?rel=0\" frameborder=\"0\" allow=\"accelerometer; autoplay; clipboard-write; encrypted-media; gyroscope; picture-in-picture\" allowfullscreen><\/iframe>\t\t\t\t<\/div>\n\t\t\t\t<\/div>\n\t\t\t\t<div class=\"elementor-element elementor-element-446b210 elementor-widget elementor-widget-text-editor\" data-id=\"446b210\" data-element_type=\"widget\" data-e-type=\"widget\" data-widget_type=\"text-editor.default\">\n\t\t\t\t<div class=\"elementor-widget-container\">\n\t\t\t\t\t\t\t\t\t<p style=\"color: black; font-size: 17px;\"><strong>Landesanstalt f\u00fcr Landwirtschaft &#8211; Lebensr\u00e4ume f\u00fcr die Artenvielfalt (2017)<\/strong><br>Gedreht mit einer Canon 600D und einer Panasonic Lumix G70.<br>Verantwortlich f\u00fcr Recherche, Drehplanung, Kamera und Schnitt.<\/p>\t\t\t\t\t\t\t\t<\/div>\n\t\t\t\t<\/div>\n\t\t\t\t\t<\/div>\n\t\t<\/div>\n\t\t\t\t\t<\/div>\n\t\t<\/section>\n\t\t\t\t<section class=\"elementor-section elementor-top-section elementor-element elementor-element-0ab3bf5 elementor-section-boxed elementor-section-height-default elementor-section-height-default\" data-id=\"0ab3bf5\" data-element_type=\"section\" data-e-type=\"section\">\n\t\t\t\t\t\t<div class=\"elementor-container elementor-column-gap-default\">\n\t\t\t\t\t<div class=\"elementor-column elementor-col-100 elementor-top-column elementor-element elementor-element-4d6c320\" data-id=\"4d6c320\" data-element_type=\"column\" data-e-type=\"column\">\n\t\t\t<div class=\"elementor-widget-wrap elementor-element-populated\">\n\t\t\t\t\t\t<div class=\"elementor-element elementor-element-d9bab13 elementor-widget elementor-widget-spacer\" data-id=\"d9bab13\" data-element_type=\"widget\" data-e-type=\"widget\" data-widget_type=\"spacer.default\">\n\t\t\t\t<div class=\"elementor-widget-container\">\n\t\t\t\t\t\t\t<div class=\"elementor-spacer\">\n\t\t\t<div class=\"elementor-spacer-inner\"><\/div>\n\t\t<\/div>\n\t\t\t\t\t\t<\/div>\n\t\t\t\t<\/div>\n\t\t\t\t\t<\/div>\n\t\t<\/div>\n\t\t\t\t\t<\/div>\n\t\t<\/section>\n\t\t\t\t<\/div>\n\t\t","protected":false},"excerpt":{"rendered":"<p>LfL &#8211; Lebensr\u00e4ume f\u00fcr die Artenvielfalt Landesanstalt f\u00fcr Landwirtschaft &#8211; Lebensr\u00e4ume f\u00fcr die Artenvielfalt (2017)Gedreht mit einer Canon 600D und einer Panasonic Lumix G70.Verantwortlich f\u00fcr Recherche, Drehplanung, Kamera und Schnitt.<\/p>\n","protected":false},"author":1,"featured_media":0,"parent":0,"menu_order":0,"comment_status":"closed","ping_status":"closed","template":"elementor_header_footer","meta":{"footnotes":""},"class_list":["post-304","page","type-page","status-publish","hentry"],"yoast_head":"<!-- This site is optimized with the Yoast SEO plugin v27.3 - https:\/\/yoast.com\/product\/yoast-seo-wordpress\/ -->\n<title>Video &amp; Color Grading Johanna H\u00f6rl<\/title>\n<meta name=\"description\" content=\"Mit professioneller Unterst\u00fctzung und viel Feingef\u00fchl sorge ich f\u00fcr optimale Farb-Ergebnisse bei Filmproduktionen, Werbe-Spots oder Videos.\" \/>\n<meta name=\"robots\" content=\"index, follow, max-snippet:-1, max-image-preview:large, max-video-preview:-1\" \/>\n<link rel=\"canonical\" href=\"https:\/\/video-hoerl.com\/?page_id=304\" \/>\n<meta property=\"og:locale\" content=\"de_DE\" \/>\n<meta property=\"og:type\" content=\"article\" \/>\n<meta property=\"og:title\" content=\"Video &amp; Color Grading Johanna H\u00f6rl\" \/>\n<meta property=\"og:description\" content=\"Mit professioneller Unterst\u00fctzung und viel Feingef\u00fchl sorge ich f\u00fcr optimale Farb-Ergebnisse bei Filmproduktionen, Werbe-Spots oder Videos.\" \/>\n<meta property=\"og:url\" content=\"https:\/\/video-hoerl.com\/?page_id=304\" \/>\n<meta property=\"og:site_name\" content=\"Video &amp; Color Grading Johanna H\u00f6rl\" \/>\n<meta property=\"article:modified_time\" content=\"2021-02-03T18:34:57+00:00\" \/>\n<meta name=\"twitter:card\" content=\"summary_large_image\" \/>\n<meta name=\"twitter:label1\" content=\"Gesch\u00e4tzte Lesezeit\" \/>\n\t<meta name=\"twitter:data1\" content=\"1\u00a0Minute\" \/>\n<script type=\"application\/ld+json\" class=\"yoast-schema-graph\">{\"@context\":\"https:\\\/\\\/schema.org\",\"@graph\":[{\"@type\":\"WebPage\",\"@id\":\"https:\\\/\\\/video-hoerl.com\\\/?page_id=304\",\"url\":\"https:\\\/\\\/video-hoerl.com\\\/?page_id=304\",\"name\":\"Video & Color Grading Johanna H\u00f6rl\",\"isPartOf\":{\"@id\":\"https:\\\/\\\/video-hoerl.com\\\/#website\"},\"datePublished\":\"2020-02-23T18:26:21+00:00\",\"dateModified\":\"2021-02-03T18:34:57+00:00\",\"description\":\"Mit professioneller Unterst\u00fctzung und viel Feingef\u00fchl sorge ich f\u00fcr optimale Farb-Ergebnisse bei Filmproduktionen, Werbe-Spots oder Videos.\",\"breadcrumb\":{\"@id\":\"https:\\\/\\\/video-hoerl.com\\\/?page_id=304#breadcrumb\"},\"inLanguage\":\"de\",\"potentialAction\":[{\"@type\":\"ReadAction\",\"target\":[\"https:\\\/\\\/video-hoerl.com\\\/?page_id=304\"]}]},{\"@type\":\"BreadcrumbList\",\"@id\":\"https:\\\/\\\/video-hoerl.com\\\/?page_id=304#breadcrumb\",\"itemListElement\":[{\"@type\":\"ListItem\",\"position\":1,\"name\":\"Startseite\",\"item\":\"https:\\\/\\\/video-hoerl.com\\\/\"},{\"@type\":\"ListItem\",\"position\":2,\"name\":\"LfL &#8211; Lebensr\u00e4ume f\u00fcr die Artenvielfalt\"}]},{\"@type\":\"WebSite\",\"@id\":\"https:\\\/\\\/video-hoerl.com\\\/#website\",\"url\":\"https:\\\/\\\/video-hoerl.com\\\/\",\"name\":\"Video &amp; Color Grading Johanna H\u00f6rl\",\"description\":\"\",\"potentialAction\":[{\"@type\":\"SearchAction\",\"target\":{\"@type\":\"EntryPoint\",\"urlTemplate\":\"https:\\\/\\\/video-hoerl.com\\\/?s={search_term_string}\"},\"query-input\":{\"@type\":\"PropertyValueSpecification\",\"valueRequired\":true,\"valueName\":\"search_term_string\"}}],\"inLanguage\":\"de\"}]}<\/script>\n<!-- \/ Yoast SEO plugin. -->","yoast_head_json":{"title":"Video & Color Grading Johanna H\u00f6rl","description":"Mit professioneller Unterst\u00fctzung und viel Feingef\u00fchl sorge ich f\u00fcr optimale Farb-Ergebnisse bei Filmproduktionen, Werbe-Spots oder Videos.","robots":{"index":"index","follow":"follow","max-snippet":"max-snippet:-1","max-image-preview":"max-image-preview:large","max-video-preview":"max-video-preview:-1"},"canonical":"https:\/\/video-hoerl.com\/?page_id=304","og_locale":"de_DE","og_type":"article","og_title":"Video & Color Grading Johanna H\u00f6rl","og_description":"Mit professioneller Unterst\u00fctzung und viel Feingef\u00fchl sorge ich f\u00fcr optimale Farb-Ergebnisse bei Filmproduktionen, Werbe-Spots oder Videos.","og_url":"https:\/\/video-hoerl.com\/?page_id=304","og_site_name":"Video &amp; Color Grading Johanna H\u00f6rl","article_modified_time":"2021-02-03T18:34:57+00:00","twitter_card":"summary_large_image","twitter_misc":{"Gesch\u00e4tzte Lesezeit":"1\u00a0Minute"},"schema":{"@context":"https:\/\/schema.org","@graph":[{"@type":"WebPage","@id":"https:\/\/video-hoerl.com\/?page_id=304","url":"https:\/\/video-hoerl.com\/?page_id=304","name":"Video & Color Grading Johanna H\u00f6rl","isPartOf":{"@id":"https:\/\/video-hoerl.com\/#website"},"datePublished":"2020-02-23T18:26:21+00:00","dateModified":"2021-02-03T18:34:57+00:00","description":"Mit professioneller Unterst\u00fctzung und viel Feingef\u00fchl sorge ich f\u00fcr optimale Farb-Ergebnisse bei Filmproduktionen, Werbe-Spots oder Videos.","breadcrumb":{"@id":"https:\/\/video-hoerl.com\/?page_id=304#breadcrumb"},"inLanguage":"de","potentialAction":[{"@type":"ReadAction","target":["https:\/\/video-hoerl.com\/?page_id=304"]}]},{"@type":"BreadcrumbList","@id":"https:\/\/video-hoerl.com\/?page_id=304#breadcrumb","itemListElement":[{"@type":"ListItem","position":1,"name":"Startseite","item":"https:\/\/video-hoerl.com\/"},{"@type":"ListItem","position":2,"name":"LfL &#8211; Lebensr\u00e4ume f\u00fcr die Artenvielfalt"}]},{"@type":"WebSite","@id":"https:\/\/video-hoerl.com\/#website","url":"https:\/\/video-hoerl.com\/","name":"Video &amp; Color Grading Johanna H\u00f6rl","description":"","potentialAction":[{"@type":"SearchAction","target":{"@type":"EntryPoint","urlTemplate":"https:\/\/video-hoerl.com\/?s={search_term_string}"},"query-input":{"@type":"PropertyValueSpecification","valueRequired":true,"valueName":"search_term_string"}}],"inLanguage":"de"}]}},"_links":{"self":[{"href":"https:\/\/video-hoerl.com\/index.php?rest_route=\/wp\/v2\/pages\/304","targetHints":{"allow":["GET"]}}],"collection":[{"href":"https:\/\/video-hoerl.com\/index.php?rest_route=\/wp\/v2\/pages"}],"about":[{"href":"https:\/\/video-hoerl.com\/index.php?rest_route=\/wp\/v2\/types\/page"}],"author":[{"embeddable":true,"href":"https:\/\/video-hoerl.com\/index.php?rest_route=\/wp\/v2\/users\/1"}],"replies":[{"embeddable":true,"href":"https:\/\/video-hoerl.com\/index.php?rest_route=%2Fwp%2Fv2%2Fcomments&post=304"}],"version-history":[{"count":13,"href":"https:\/\/video-hoerl.com\/index.php?rest_route=\/wp\/v2\/pages\/304\/revisions"}],"predecessor-version":[{"id":867,"href":"https:\/\/video-hoerl.com\/index.php?rest_route=\/wp\/v2\/pages\/304\/revisions\/867"}],"wp:attachment":[{"href":"https:\/\/video-hoerl.com\/index.php?rest_route=%2Fwp%2Fv2%2Fmedia&parent=304"}],"curies":[{"name":"wp","href":"https:\/\/api.w.org\/{rel}","templated":true}]}}