{"id":404,"date":"2020-02-25T10:27:23","date_gmt":"2020-02-25T10:27:23","guid":{"rendered":"https:\/\/video-hoerl.com\/?page_id=404"},"modified":"2023-03-07T12:36:11","modified_gmt":"2023-03-07T12:36:11","slug":"ueber-mich","status":"publish","type":"page","link":"https:\/\/video-hoerl.com\/?page_id=404","title":{"rendered":"\u00dcber mich"},"content":{"rendered":"\t\t<div data-elementor-type=\"wp-page\" data-elementor-id=\"404\" class=\"elementor elementor-404\">\n\t\t\t\t\t\t<section class=\"elementor-section elementor-top-section elementor-element elementor-element-a397012 elementor-section-boxed elementor-section-height-default elementor-section-height-default\" data-id=\"a397012\" data-element_type=\"section\" data-e-type=\"section\">\n\t\t\t\t\t\t<div class=\"elementor-container elementor-column-gap-default\">\n\t\t\t\t\t<div class=\"elementor-column elementor-col-100 elementor-top-column elementor-element elementor-element-9222363\" data-id=\"9222363\" data-element_type=\"column\" data-e-type=\"column\">\n\t\t\t<div class=\"elementor-widget-wrap elementor-element-populated\">\n\t\t\t\t\t\t<div class=\"elementor-element elementor-element-8ecde88 elementor-widget elementor-widget-spacer\" data-id=\"8ecde88\" data-element_type=\"widget\" data-e-type=\"widget\" data-widget_type=\"spacer.default\">\n\t\t\t\t<div class=\"elementor-widget-container\">\n\t\t\t\t\t\t\t<div class=\"elementor-spacer\">\n\t\t\t<div class=\"elementor-spacer-inner\"><\/div>\n\t\t<\/div>\n\t\t\t\t\t\t<\/div>\n\t\t\t\t<\/div>\n\t\t\t\t<div class=\"elementor-element elementor-element-f4f725a elementor-widget elementor-widget-text-editor\" data-id=\"f4f725a\" data-element_type=\"widget\" data-e-type=\"widget\" data-widget_type=\"text-editor.default\">\n\t\t\t\t<div class=\"elementor-widget-container\">\n\t\t\t\t\t\t\t\t\t<p style=\"font-size: 24px; color: #ca9b52;\">\u00dcber mich<\/p>\t\t\t\t\t\t\t\t<\/div>\n\t\t\t\t<\/div>\n\t\t\t\t\t<\/div>\n\t\t<\/div>\n\t\t\t\t\t<\/div>\n\t\t<\/section>\n\t\t\t\t<section class=\"elementor-section elementor-top-section elementor-element elementor-element-b89a491 elementor-section-boxed elementor-section-height-default elementor-section-height-default\" data-id=\"b89a491\" data-element_type=\"section\" data-e-type=\"section\">\n\t\t\t\t\t\t<div class=\"elementor-container elementor-column-gap-default\">\n\t\t\t\t\t<div class=\"elementor-column elementor-col-50 elementor-top-column elementor-element elementor-element-9c910c2\" data-id=\"9c910c2\" data-element_type=\"column\" data-e-type=\"column\">\n\t\t\t<div class=\"elementor-widget-wrap elementor-element-populated\">\n\t\t\t\t\t\t<div class=\"elementor-element elementor-element-703135a elementor-widget elementor-widget-text-editor\" data-id=\"703135a\" data-element_type=\"widget\" data-e-type=\"widget\" data-widget_type=\"text-editor.default\">\n\t\t\t\t<div class=\"elementor-widget-container\">\n\t\t\t\t\t\t\t\t\t<p style=\"color: black; font-size: 17px; text-align: justify;\">Was w\u00e4re eine Welt ohne Farben? Sie k\u00f6nnen auf sehr subtile Art und Weise unsere Gef\u00fchlswelt beeinflussen. Sie transportieren Emotionen, k\u00f6nnen die Wirklichkeit darstellen oder sie verf\u00e4lschen.<br>Farben sind ein wichtiger, oft untersch\u00e4tzter, Teil in unserem Alltag &#8211; und im Film.<\/p>\n<p style=\"color: black; font-size: 17px; text-align: justify;\">Deshalb spezialisierte ich mich vor einigen Jahren auf digitales Color Grading. Meine Passion ist es, mit dieser Arbeit die Intention des Regisseurs herauszuarbeiten. Denn die Farbgebung im Film tr\u00e4gt zu einem gro\u00dfen Teil dazu bei, die Stimmung der Geschichte zu unterst\u00fctzen.<\/p>\n<p style=\"color: black; font-size: 17px; text-align: justify;\">Die bewusste und professionelle Planung des Farbkonzepts vor dem Dreh ist ein wichtiger Teil, um das gew\u00fcnschte Endresultat zu erhalten. Im Voraus durchdenke ich gemeinsam mit Regie, Kamera, Szenenbild und Kost\u00fcm, auf welche Weise wir die Geschichte mit Hilfe von Farben bestm\u00f6glich unterst\u00fctzen k\u00f6nnen.<\/p>\n<p style=\"color: black; font-size: 17px; text-align: justify;\">In der Postproduktion kommt DaVinci Resolve Studio und die Adobe Creative Cloud zum Einsatz.<\/p>\n<p style=\"color: black; font-size: 17px; text-align: justify;\">Ein Showreel aus meiner Zeit im Red Bull Media House (2021-2022) kann ich Ihnen gerne auf Anfrage zukommen lassen.<\/p>\n<p style=\"color: black; font-size: 17px; text-align: justify;\">F\u00fcr optimale Ergebnisse arbeite ich mit kompetenten Kollegen, die ihre Profession von der Pieke auf gelernt haben. Gemeinsam realisieren wir f\u00fcr Sie stimmungsvolle Produktionen und holen das Beste aus Ihren bewegten Bildern!<\/p>\n<p style=\"text-align: justify; font-size: 17px; color: black;\">Wir sind jetzt zu zweit. Senior Colorist Thomas Hanser und ich freuen uns auf Ihre Projekte. Besuchen Sie gerne auch unsere Webseite <a href=\"http:\/\/www.thecolorists.de\">www.thecolorists.de<\/a><\/p>\t\t\t\t\t\t\t\t<\/div>\n\t\t\t\t<\/div>\n\t\t\t\t\t<\/div>\n\t\t<\/div>\n\t\t\t\t<div class=\"elementor-column elementor-col-50 elementor-top-column elementor-element elementor-element-596fb88\" data-id=\"596fb88\" data-element_type=\"column\" data-e-type=\"column\">\n\t\t\t<div class=\"elementor-widget-wrap elementor-element-populated\">\n\t\t\t\t\t\t<div class=\"elementor-element elementor-element-cc109b0 elementor-widget elementor-widget-image\" data-id=\"cc109b0\" data-element_type=\"widget\" data-e-type=\"widget\" data-widget_type=\"image.default\">\n\t\t\t\t<div class=\"elementor-widget-container\">\n\t\t\t\t\t\t\t\t\t\t\t\t<figure class=\"wp-caption\">\n\t\t\t\t\t\t\t\t\t\t<img fetchpriority=\"high\" decoding=\"async\" width=\"300\" height=\"300\" src=\"https:\/\/video-hoerl.com\/wp-content\/uploads\/2019\/09\/KM1A3254-Copy-300x300.jpg\" class=\"attachment-medium size-medium wp-image-230\" alt=\"\" srcset=\"https:\/\/video-hoerl.com\/wp-content\/uploads\/2019\/09\/KM1A3254-Copy-300x300.jpg 300w, https:\/\/video-hoerl.com\/wp-content\/uploads\/2019\/09\/KM1A3254-Copy-150x150.jpg 150w, https:\/\/video-hoerl.com\/wp-content\/uploads\/2019\/09\/KM1A3254-Copy-768x768.jpg 768w, https:\/\/video-hoerl.com\/wp-content\/uploads\/2019\/09\/KM1A3254-Copy-1024x1024.jpg 1024w, https:\/\/video-hoerl.com\/wp-content\/uploads\/2019\/09\/KM1A3254-Copy-1140x1140.jpg 1140w, https:\/\/video-hoerl.com\/wp-content\/uploads\/2019\/09\/KM1A3254-Copy-75x75.jpg 75w, https:\/\/video-hoerl.com\/wp-content\/uploads\/2019\/09\/KM1A3254-Copy.jpg 2048w\" sizes=\"(max-width: 300px) 100vw, 300px\" \/>\t\t\t\t\t\t\t\t\t\t\t<figcaption class=\"widget-image-caption wp-caption-text\">Johanna H\u00f6rl M.A. MultiMediaArt<\/figcaption>\n\t\t\t\t\t\t\t\t\t\t<\/figure>\n\t\t\t\t\t\t\t\t\t<\/div>\n\t\t\t\t<\/div>\n\t\t\t\t\t<\/div>\n\t\t<\/div>\n\t\t\t\t\t<\/div>\n\t\t<\/section>\n\t\t\t\t<section class=\"elementor-section elementor-top-section elementor-element elementor-element-45a322f elementor-section-boxed elementor-section-height-default elementor-section-height-default\" data-id=\"45a322f\" data-element_type=\"section\" data-e-type=\"section\">\n\t\t\t\t\t\t<div class=\"elementor-container elementor-column-gap-default\">\n\t\t\t\t\t<div class=\"elementor-column elementor-col-100 elementor-top-column elementor-element elementor-element-11e6c89\" data-id=\"11e6c89\" data-element_type=\"column\" data-e-type=\"column\">\n\t\t\t<div class=\"elementor-widget-wrap elementor-element-populated\">\n\t\t\t\t\t\t<div class=\"elementor-element elementor-element-4844037 elementor-widget elementor-widget-spacer\" data-id=\"4844037\" data-element_type=\"widget\" data-e-type=\"widget\" data-widget_type=\"spacer.default\">\n\t\t\t\t<div class=\"elementor-widget-container\">\n\t\t\t\t\t\t\t<div class=\"elementor-spacer\">\n\t\t\t<div class=\"elementor-spacer-inner\"><\/div>\n\t\t<\/div>\n\t\t\t\t\t\t<\/div>\n\t\t\t\t<\/div>\n\t\t\t\t\t<\/div>\n\t\t<\/div>\n\t\t\t\t\t<\/div>\n\t\t<\/section>\n\t\t\t\t<\/div>\n\t\t","protected":false},"excerpt":{"rendered":"<p>\u00dcber mich Was w\u00e4re eine Welt ohne Farben? Sie k\u00f6nnen auf sehr subtile Art und Weise unsere Gef\u00fchlswelt beeinflussen. Sie transportieren Emotionen, k\u00f6nnen die Wirklichkeit darstellen oder sie verf\u00e4lschen.Farben sind ein wichtiger, oft untersch\u00e4tzter, Teil in unserem Alltag &#8211; und im Film. Deshalb spezialisierte ich mich vor einigen Jahren auf digitales Color Grading. Meine Passion ist es, mit dieser Arbeit die Intention des Regisseurs herauszuarbeiten. Denn die Farbgebung im Film tr\u00e4gt zu einem gro\u00dfen Teil dazu bei, die Stimmung der Geschichte zu unterst\u00fctzen. Die bewusste und professionelle Planung des Farbkonzepts vor dem Dreh ist ein wichtiger Teil, um das gew\u00fcnschte Endresultat zu erhalten. Im Voraus durchdenke ich gemeinsam mit Regie, Kamera, Szenenbild und Kost\u00fcm, auf welche Weise wir die Geschichte mit Hilfe von Farben bestm\u00f6glich unterst\u00fctzen k\u00f6nnen. In der Postproduktion kommt DaVinci Resolve Studio und die Adobe Creative Cloud zum Einsatz. Ein Showreel aus meiner Zeit im Red Bull Media House (2021-2022) kann ich Ihnen gerne auf Anfrage zukommen lassen. F\u00fcr optimale Ergebnisse arbeite ich mit kompetenten Kollegen, die ihre Profession von der Pieke auf gelernt haben. Gemeinsam realisieren wir f\u00fcr Sie stimmungsvolle Produktionen und holen das Beste aus Ihren bewegten Bildern! Wir sind jetzt zu zweit. Senior Colorist Thomas Hanser und ich freuen uns auf Ihre Projekte. Besuchen Sie gerne auch unsere Webseite www.thecolorists.de Johanna H\u00f6rl M.A. MultiMediaArt<\/p>\n","protected":false},"author":1,"featured_media":0,"parent":0,"menu_order":0,"comment_status":"closed","ping_status":"closed","template":"elementor_header_footer","meta":{"footnotes":""},"class_list":["post-404","page","type-page","status-publish","hentry"],"yoast_head":"<!-- This site is optimized with the Yoast SEO plugin v27.6 - https:\/\/yoast.com\/product\/yoast-seo-wordpress\/ -->\n<title>Video &amp; Color Grading Johanna H\u00f6rl<\/title>\n<meta name=\"description\" content=\"Mit professioneller Unterst\u00fctzung und viel Feingef\u00fchl sorge ich f\u00fcr optimale Farb-Ergebnisse bei Filmproduktionen, Werbe-Spots oder Videos.\" \/>\n<meta name=\"robots\" content=\"index, follow, max-snippet:-1, max-image-preview:large, max-video-preview:-1\" \/>\n<link rel=\"canonical\" href=\"https:\/\/video-hoerl.com\/?page_id=404\" \/>\n<meta property=\"og:locale\" content=\"de_DE\" \/>\n<meta property=\"og:type\" content=\"article\" \/>\n<meta property=\"og:title\" content=\"Video &amp; Color Grading Johanna H\u00f6rl\" \/>\n<meta property=\"og:description\" content=\"Mit professioneller Unterst\u00fctzung und viel Feingef\u00fchl sorge ich f\u00fcr optimale Farb-Ergebnisse bei Filmproduktionen, Werbe-Spots oder Videos.\" \/>\n<meta property=\"og:url\" content=\"https:\/\/video-hoerl.com\/?page_id=404\" \/>\n<meta property=\"og:site_name\" content=\"Video &amp; Color Grading Johanna H\u00f6rl\" \/>\n<meta property=\"article:modified_time\" content=\"2023-03-07T12:36:11+00:00\" \/>\n<meta property=\"og:image\" content=\"https:\/\/video-hoerl.com\/wp-content\/uploads\/2019\/09\/KM1A3254-Copy-300x300.jpg\" \/>\n<meta name=\"twitter:card\" content=\"summary_large_image\" \/>\n<meta name=\"twitter:label1\" content=\"Gesch\u00e4tzte Lesezeit\" \/>\n\t<meta name=\"twitter:data1\" content=\"2\u00a0Minuten\" \/>\n<script type=\"application\/ld+json\" class=\"yoast-schema-graph\">{\"@context\":\"https:\\\/\\\/schema.org\",\"@graph\":[{\"@type\":\"WebPage\",\"@id\":\"https:\\\/\\\/video-hoerl.com\\\/?page_id=404\",\"url\":\"https:\\\/\\\/video-hoerl.com\\\/?page_id=404\",\"name\":\"Video & Color Grading Johanna H\u00f6rl\",\"isPartOf\":{\"@id\":\"https:\\\/\\\/video-hoerl.com\\\/#website\"},\"primaryImageOfPage\":{\"@id\":\"https:\\\/\\\/video-hoerl.com\\\/?page_id=404#primaryimage\"},\"image\":{\"@id\":\"https:\\\/\\\/video-hoerl.com\\\/?page_id=404#primaryimage\"},\"thumbnailUrl\":\"https:\\\/\\\/video-hoerl.com\\\/wp-content\\\/uploads\\\/2019\\\/09\\\/KM1A3254-Copy-300x300.jpg\",\"datePublished\":\"2020-02-25T10:27:23+00:00\",\"dateModified\":\"2023-03-07T12:36:11+00:00\",\"description\":\"Mit professioneller Unterst\u00fctzung und viel Feingef\u00fchl sorge ich f\u00fcr optimale Farb-Ergebnisse bei Filmproduktionen, Werbe-Spots oder Videos.\",\"breadcrumb\":{\"@id\":\"https:\\\/\\\/video-hoerl.com\\\/?page_id=404#breadcrumb\"},\"inLanguage\":\"de\",\"potentialAction\":[{\"@type\":\"ReadAction\",\"target\":[\"https:\\\/\\\/video-hoerl.com\\\/?page_id=404\"]}]},{\"@type\":\"ImageObject\",\"inLanguage\":\"de\",\"@id\":\"https:\\\/\\\/video-hoerl.com\\\/?page_id=404#primaryimage\",\"url\":\"https:\\\/\\\/video-hoerl.com\\\/wp-content\\\/uploads\\\/2019\\\/09\\\/KM1A3254-Copy.jpg\",\"contentUrl\":\"https:\\\/\\\/video-hoerl.com\\\/wp-content\\\/uploads\\\/2019\\\/09\\\/KM1A3254-Copy.jpg\",\"width\":2048,\"height\":2048},{\"@type\":\"BreadcrumbList\",\"@id\":\"https:\\\/\\\/video-hoerl.com\\\/?page_id=404#breadcrumb\",\"itemListElement\":[{\"@type\":\"ListItem\",\"position\":1,\"name\":\"Startseite\",\"item\":\"https:\\\/\\\/video-hoerl.com\\\/\"},{\"@type\":\"ListItem\",\"position\":2,\"name\":\"\u00dcber mich\"}]},{\"@type\":\"WebSite\",\"@id\":\"https:\\\/\\\/video-hoerl.com\\\/#website\",\"url\":\"https:\\\/\\\/video-hoerl.com\\\/\",\"name\":\"Video &amp; Color Grading Johanna H\u00f6rl\",\"description\":\"\",\"potentialAction\":[{\"@type\":\"SearchAction\",\"target\":{\"@type\":\"EntryPoint\",\"urlTemplate\":\"https:\\\/\\\/video-hoerl.com\\\/?s={search_term_string}\"},\"query-input\":{\"@type\":\"PropertyValueSpecification\",\"valueRequired\":true,\"valueName\":\"search_term_string\"}}],\"inLanguage\":\"de\"}]}<\/script>\n<!-- \/ Yoast SEO plugin. -->","yoast_head_json":{"title":"Video & Color Grading Johanna H\u00f6rl","description":"Mit professioneller Unterst\u00fctzung und viel Feingef\u00fchl sorge ich f\u00fcr optimale Farb-Ergebnisse bei Filmproduktionen, Werbe-Spots oder Videos.","robots":{"index":"index","follow":"follow","max-snippet":"max-snippet:-1","max-image-preview":"max-image-preview:large","max-video-preview":"max-video-preview:-1"},"canonical":"https:\/\/video-hoerl.com\/?page_id=404","og_locale":"de_DE","og_type":"article","og_title":"Video & Color Grading Johanna H\u00f6rl","og_description":"Mit professioneller Unterst\u00fctzung und viel Feingef\u00fchl sorge ich f\u00fcr optimale Farb-Ergebnisse bei Filmproduktionen, Werbe-Spots oder Videos.","og_url":"https:\/\/video-hoerl.com\/?page_id=404","og_site_name":"Video &amp; Color Grading Johanna H\u00f6rl","article_modified_time":"2023-03-07T12:36:11+00:00","og_image":[{"url":"https:\/\/video-hoerl.com\/wp-content\/uploads\/2019\/09\/KM1A3254-Copy-300x300.jpg","type":"","width":"","height":""}],"twitter_card":"summary_large_image","twitter_misc":{"Gesch\u00e4tzte Lesezeit":"2\u00a0Minuten"},"schema":{"@context":"https:\/\/schema.org","@graph":[{"@type":"WebPage","@id":"https:\/\/video-hoerl.com\/?page_id=404","url":"https:\/\/video-hoerl.com\/?page_id=404","name":"Video & Color Grading Johanna H\u00f6rl","isPartOf":{"@id":"https:\/\/video-hoerl.com\/#website"},"primaryImageOfPage":{"@id":"https:\/\/video-hoerl.com\/?page_id=404#primaryimage"},"image":{"@id":"https:\/\/video-hoerl.com\/?page_id=404#primaryimage"},"thumbnailUrl":"https:\/\/video-hoerl.com\/wp-content\/uploads\/2019\/09\/KM1A3254-Copy-300x300.jpg","datePublished":"2020-02-25T10:27:23+00:00","dateModified":"2023-03-07T12:36:11+00:00","description":"Mit professioneller Unterst\u00fctzung und viel Feingef\u00fchl sorge ich f\u00fcr optimale Farb-Ergebnisse bei Filmproduktionen, Werbe-Spots oder Videos.","breadcrumb":{"@id":"https:\/\/video-hoerl.com\/?page_id=404#breadcrumb"},"inLanguage":"de","potentialAction":[{"@type":"ReadAction","target":["https:\/\/video-hoerl.com\/?page_id=404"]}]},{"@type":"ImageObject","inLanguage":"de","@id":"https:\/\/video-hoerl.com\/?page_id=404#primaryimage","url":"https:\/\/video-hoerl.com\/wp-content\/uploads\/2019\/09\/KM1A3254-Copy.jpg","contentUrl":"https:\/\/video-hoerl.com\/wp-content\/uploads\/2019\/09\/KM1A3254-Copy.jpg","width":2048,"height":2048},{"@type":"BreadcrumbList","@id":"https:\/\/video-hoerl.com\/?page_id=404#breadcrumb","itemListElement":[{"@type":"ListItem","position":1,"name":"Startseite","item":"https:\/\/video-hoerl.com\/"},{"@type":"ListItem","position":2,"name":"\u00dcber mich"}]},{"@type":"WebSite","@id":"https:\/\/video-hoerl.com\/#website","url":"https:\/\/video-hoerl.com\/","name":"Video &amp; Color Grading Johanna H\u00f6rl","description":"","potentialAction":[{"@type":"SearchAction","target":{"@type":"EntryPoint","urlTemplate":"https:\/\/video-hoerl.com\/?s={search_term_string}"},"query-input":{"@type":"PropertyValueSpecification","valueRequired":true,"valueName":"search_term_string"}}],"inLanguage":"de"}]}},"_links":{"self":[{"href":"https:\/\/video-hoerl.com\/index.php?rest_route=\/wp\/v2\/pages\/404","targetHints":{"allow":["GET"]}}],"collection":[{"href":"https:\/\/video-hoerl.com\/index.php?rest_route=\/wp\/v2\/pages"}],"about":[{"href":"https:\/\/video-hoerl.com\/index.php?rest_route=\/wp\/v2\/types\/page"}],"author":[{"embeddable":true,"href":"https:\/\/video-hoerl.com\/index.php?rest_route=\/wp\/v2\/users\/1"}],"replies":[{"embeddable":true,"href":"https:\/\/video-hoerl.com\/index.php?rest_route=%2Fwp%2Fv2%2Fcomments&post=404"}],"version-history":[{"count":62,"href":"https:\/\/video-hoerl.com\/index.php?rest_route=\/wp\/v2\/pages\/404\/revisions"}],"predecessor-version":[{"id":1046,"href":"https:\/\/video-hoerl.com\/index.php?rest_route=\/wp\/v2\/pages\/404\/revisions\/1046"}],"wp:attachment":[{"href":"https:\/\/video-hoerl.com\/index.php?rest_route=%2Fwp%2Fv2%2Fmedia&parent=404"}],"curies":[{"name":"wp","href":"https:\/\/api.w.org\/{rel}","templated":true}]}}